 by (21/(-6))/(((-7)/4)/7)?
12
Let t(j) = 2*j**3 + j**2 - 4*j + 3. Let k be t(2). Calculate the remainder when 1/(-2) + k/2 is divided by 75/27 + 8/36.
1
What is the remainder when 1 + 4 + -9 + 105 is divided by 34?
33
Let c(y) = -y**3 - 5*y**2 - 7*y - 6. Let r = 0 + 3. Let n be 0 + (0 - 1) - r. What is the remainder when c(n) is divided by 4?
2
Calculate the remainder when 29 is divided by 82/8 - (-2)/(-8).
9
Suppose -4*q + 8 = -0*q. Let p be (-4)/2 + q + 0. Suppose p = 2*i - 5*a - 54, -i - 4*a = -2*a - 36. What is the remainder when i is divided by 17?
15
Let f(s) = -s**3 - 3*s**2 - s + 4. Let a = 35 + -20. Suppose -a = 2*z - 7. What is the remainder when f(z) is divided by 13?
11
Let t be -6 + 3 + 3/1. Suppose t = -5*q + 3*q + 86. What is the remainder when q is divided by 11?
10
Let z = -13 - -17. What is the remainder when 7 is divided by z?
3
Let w = -59 + 68. Suppose -25 = -5*j - 0*o - 5*o, -14 = -2*j + 2*o. Calculate the remainder when w is divided by j.
3
Let y = 303 + -163. What is the remainder when y is divided by 18?
14
Let y = 437 - 829. Let h = -273 - y. Calculate the remainder when h is divided by 30.
29
Let m(j) = -4*j - 2. Let r be m(-1). Suppose -6 = -3*h + 6. Suppose -2*w + 38 = h*f, r*f - f - w - 2 = 0. Calculate the remainder when f is divided by 4.
3
Let l(d) = 1. Let p(i) = 4*i - 3. Let o(c) = 3*c - 3. Let r(g) = 3*o(g) - 2*p(g). Let t(q) = 4*l(q) - r(q). What is the remainder when 13 is divided by t(0)?
6
Suppose 4*p - 12 = -4*r, -4*r - 5*p - 3 = -10. Calculate the remainder when 37 is divided by r.
5
Suppose -1 = -k + 12. Calculate the remainder when 153 is divided by k.
10
Suppose -3*p = p - 76. Calculate the remainder when 0 - 2 - (-8 - 30) is divided by p.
17
Let o be 70/21 + (-2)/6. Suppose 2*h - o*h - 10 = 0. What is the remainder when (-6)/15 + (-404)/h is divided by 14?
12
Let f(h) be the first derivative of -2*h**2 - 6*h - 1. What is the remainder when f(-10) is divided by 12?
10
Let z(g) = -5*g - 1. What is the remainder when 26 is divided by z(-2)?
8
Suppose -5*f - l + 55 = -24, -5*l + 5 = -f. What is the remainder when 87 is divided by f?
12
Suppose -l + 2*x = -14, 3*l - 53 = -5*x - 0*x. What is the remainder when 57 is divided by l?
9
Let n = 1 + -1. Let b(o) = o + 0 + n + 6*o. Calculate the remainder when 26 is divided by b(2).
12
Suppose 0 = -9*a + 4*a + 15. Calculate the remainder when 7 is divided by a.
1
Suppose 5*d = 3*v + 107, -5*d + 89 = -4*v - 22. Suppose -28 = -3*z - 2*t, -z - t = 2*t - 7. Suppose 0*b - z = -b. What is the remainder when d is divided by b?
9
Let l(y) = y**2 - y + 3. Suppose 3*i = 3*b - 18, -i = 4*i + 15. Let t = b + 5. Calculate the remainder when l(-3) is divided by t.
7
Let x = 348 - 222. Calculate the remainder when x is divided by 32.
30
Let c(x) = x**2 + 11*x + 18. What is the remainder when c(-13) is divided by 15?
14
Let c = -263 + 458. Calculate the remainder when c is divided by 28.
27
Suppose 3*d = l + 17, -5*d + 0 = 3*l - 5. Suppose d*u - 6 = 2. Calculate the remainder when u is divided by 2.
0
Suppose -2*b - 6 = -3*j + 59, 0 = 3*j - 3*b - 69. Let h be 4*(-1 - j/(-2)). What is the remainder when h/3 - (-2)/(-6) is divided by 4?
3
Let f(t) = t**2 - 3*t - 8. Let j = -146 + 219. Suppose 17 + j = 5*b. What is the remainder when b is divided by f(6)?
8
Suppose -4*v - 9 = -29. Let u(q) = q**2 - 3*q + 2. What is the remainder when u(5) is divided by v?
2
Suppose -2*t + i + i = -54, -4*i = -5*t + 140. Calculate the remainder when t is divided by (-4)/(-18) - (3 - (-356)/(-18)).
15
Let z = -17 + 19. What is the remainder when 13 is divided by z?
1
Let p be (-3)/3 - (3 - 9). Suppose 13 = -p*w + 6*w. What is the remainder when 64 is divided by w?
12
Let f(d) = d**3 - 15*d**2 + 2*d - 4. Let o = 18 - 3. What is the remainder when 75 is divided by f(o)?
23
Suppose -2 = 5*c + 3. Let a be 3/(-1) + 302 + c. Suppose y + 2*b = 61, -5*y - b - 2*b = -a. Calculate the remainder when y is divided by 12.
11
Suppose -74 = -5*g + 11. What is the remainder when g is divided by 10?
7
Let w(f) = -3*f**3 - f - 1. Let t = -3 + 2. Let h be w(t). Suppose -h*c - 3*a + 75 - 21 = 0, 5*a = 4*c - 90. Calculate the remainder when 58 is divided by c.
18
Suppose 3*w = w + 4. Calculate the remainder when 14 is divided by (-2 + (11 - -1))/w.
4
Let n be (4/3)/(2/3). Let k = -25 + 39. Calculate the remainder when n/((-12)/39)*-4 is divided by k.
12
Let x be 1 - (0 - (0 + -1)). What is the remainder when 8 is divided by x + 1 + 12/3?
3
Let a(l) = 2*l**2 + 7*l + 9. Calculate the remainder when a(-6) is divided by 10.
9
Suppose -j - 6 = -51. Calculate the remainder when j is divided by 25.
20
Suppose -4*v = -3*z - 217, v = -0*v + 3*z + 43. Suppose 0 = n - 4 - 16. What is the remainder when v is divided by n?
18
Suppose 12 = -0*k - 4*k. Let z be (-10)/(-15) + (-7)/k. What is the remainder when 4 is divided by z/(-2)*(0 - 2)?
1
Suppose r + q = 79, 364 + 49 = 5*r - q. What is the remainder when r is divided by 28?
26
Let a = 223 + -134. Calculate the remainder when a is divided by 24.
17
Let a = -3 + 6. Let x(f) = 0*f**a + f**3 + 7 + 0 + f**2. What is the remainder when 12 is divided by x(0)?
5
Let u(i) = i**2 + i. Let a be u(0). Let j(b) = b**3 + b + 22. Let s be j(a). Let x = s - 4. What is the remainder when 35 is divided by x?
17
What is the remainder when 76 is divided by (4/(-1 - 3))/(2/(-26))?
11
Suppose -3*w = 5 - 104. What is the remainder when w is divided by 17?
16
Suppose 0 = 2*h - 6 - 62. What is the remainder when h is divided by 9?
7
Let k(s) = s**3 - 16*s**2 + 27*s + 23. What is the remainder when 23 is divided by k(14)?
5
Let k = 29 - 9. What is the remainder when k is divided by 7?
6
Let l = 26 + -1. Calculate the remainder when l is divided by 7.
4
What is the remainder when 2/(-6) + 536/24 is divided by 6?
4
Suppose 0*g - 5*g + 3120 = 0. Suppose 4 + g = 4*s. Suppose f + 99 = -y + 4*y, -5*y + s = f. What is the remainder when y is divided by 17?
15
Suppose k - 13 = 3*o, -k - 65 = -6*k - 3*o. What is the remainder when k is divided by 5?
3
Suppose 12 = 4*t - 0*t. Suppose -b + 0*b - 22 = -d, -d = t*b - 22. What is the remainder when (d/(-3))/(1/(-3)) is divided by 8?
6
Let n(k) = 4*k - 4. What is the remainder when 98 is divided by n(6)?
18
Let a = 64 + -33. Calculate the remainder when a is divided by 11.
9
Let z(w) = -w**3 + 5*w**2 + 9*w - 9. Suppose 2*j - 29 = -s + 6*s, -15 = 3*s - 2*j. Let m = 13 + s. What is the remainder when z(m) is divided by 5?
4
Suppose 2*o + 0*t = -t - 51, 3*t - 3 = 0. Let v = 0 - 3. Calculate the remainder when 37 is divided by v/6*o*1.
11
Let b = 12 - 6. Suppose 104 + b = 2*y. What is the remainder when y is divided by 19?
17
Suppose 2*f = -0 - 12. Suppose 2*b + 7 + 7 = 2*x, 0 = 4*b - 16. Calculate the remainder when (6/5)/(f/(-160)) is divided by x.
10
Let r(p) = -p**2 - 15*p - 9. Calculate the remainder when 49 is divided by r(-13).
15
Suppose 6*f - 8 = 2*f. What is the remainder when 13 is divided by 10/f*(1 - 0)?
3
Let f = 3 - 5. What is the remainder when 1/(-2)*f*25 is divided by (-4 + 1)/((-3)/9)?
7
Let b = 56 + -50. Suppose 29 = -5*k + 69. Suppose -2*p + k = -0*p. What is the remainder when b is divided by p?
2
Let d be -2 - (101 - (-6 + 3)). Let o = -27 - d. Calculate the remainder when o is divided by 20.
19
Let z(s) = s + 14. Let r be z(-12). What is the remainder when 27 is divided by r/7 - 141/(-21)?
6
Let s = 0 - 0. Let p = 3 + s. Suppose -38 = -p*i - 4*a + 20, 3*a - 21 = -i. What is the remainder when i is divided by 10?
8
Suppose 0 = 4*w - 3*d - 64, -18 = 5*d + 2. Calculate the remainder when 62 is divided by w.
10
Let d(m) = -9*m - 43. Calculate the remainder when d(-11) is divided by (1 + 2)*29/3.
27
Let s be (-76)/(-18) - (-6)/(-27). Calculate the remainder when (2 - -46)/(-3 + s) is divided by 25.
23
Suppose 0*j = 4*j. Suppose -3*a = j, a = d - a - 26. What is the remainder when 576/d - (-4)/(-26) is divided by 8?
6
Suppose 0 = -4*v + 5*o + 178, 4*v + 4*o - 76 = 2*v. Calculate the remainder when 20 is divided by (2/4)/(3/v).
6
Suppose 4*t = 4*o + 216, 3*o = 2*t - 136 + 31. What is the remainder when t is divided by 12?
9
Calculate the remainder when 2 - (3/3 - 64) is divided by 17.
14
Let v(p) = p**3 - 4*p**2 + p + 2. Let a be v(3). Let n(m) = -m**